40?
-213003441
In base 10, what is -58 + 7047074?
7047016
In base 7, what is 144115 - -2204?
146322
In base 7, what is 14345 + 116016?
133364
In base 10, what is -2 - -837324?
837322
In base 2, what is -11 - -11111110000100001000001?
11111110000100000111110
In base 12, what is 0 + -22100822?
-22100822
In base 7, what is 4 - 334215164?
-334215160
In base 15, what is -2e6 - -25856?
25560
In base 16, what is -357a368 - 1?
-357a369
In base 12, what is 138 - 157084?
-156b48
In base 3, what is 1 - 12011021110102?
-12011021110101
In base 8, what is -2 - 224205707?
-224205711
In base 15, what is 30b - 35dcb?
-35ac0
In base 3, what is -101010002 + 210000111?
101220102
In base 14, what is -3 + -71b3d2a?
-71b3d2d
In base 11, what is -13228 - -8a63?
-5275
In base 2, what is 1101010011011110001001000 - 10?
1101010011011110001000110
In base 8, what is 4 + 72172627?
72172633
In base 14, what is -12995 + -181a?
-143b1
In base 13, what is -29118 + 82?
-29066
In base 2, what is -10011 - -1011011010011110010?
1011011010011011111
In base 10, what is 3 - 189930886?
-189930883
In base 16, what is 89aae72 + -3?
89aae6f
In base 11, what is 77 - -10830a?
108386
In base 13, what is 322 - -5c975?
5cc97
In base 2, what is -100100000010101 + 100010111011?
-11111101011010
In base 16, what is -1 + -6baf19?
-6baf1a
In base 14, what is -1 + 14271821?
14271820
In base 2, what is 1010 + 1101010110101110011?
1101010110101111101
In base 13, what is 1858a3 + -15?
18588b
In base 8, what is 1 + -35472543?
-35472542
In base 5, what is 111033322 + 12?
111033334
In base 5, what is 124 - 2423430?
-2423301
In base 13, what is -30c2 - -147?
-2c78
In base 11, what is 71 + 40427a?
404340
In base 3, what is -122101112200 - 1002?
-122101120202
In base 3, what is 10002102020 - 10220?
10002021100
In base 11, what is -1 - -616a861?
616a860
In base 4, what is 2 + 102002033133?
102002033201
In base 2, what is 100101111010010000100001 + -1000?
100101111010010000011001
In base 11, what is 1630587 + -13?
1630574
In base 16, what is -283 + 170d9?
16e56
In base 14, what is -c3 - -92a35?
92952
In base 11, what is 4 - 4817575?
-4817571
In base 10, what is -9 + 31078091?
31078082
In base 2, what is 11 + 100001100100010001001?
100001100100010001100
In base 3, what is -2220201111200 + -11220?
-2220201200120
In base 5, what is -10 - 22332402113?
-22332402123
In base 3, what is -11101020211 + -111100022?
-11212121010
In base 12, what is -32181a + -24?
-321842
In base 3, what is -112112 - -10020111012121?
10020110200002
In base 10, what is 1088 - 6234?
-5146
In base 3, what is -12202101102120000 - 1?
-12202101102120001
In base 7, what is 3462516 - 1241?
3461245
In base 16, what is -3 - fa970c?
-fa970f
In base 9, what is -2631621 + -6?
-2631627
In base 8, what is 20700 + -4561?
14117
In base 4, what is 33 - 103121002333?
-103121002300
In base 12, what is 12a1364 - -1?
12a1365
In base 8, what is -103540004 - -15?
-103537767
In base 9, what is 5 + -3278580?
-3278574
In base 5, what is -143 + 14311031?
14310333
In base 9, what is -126 + -358138?
-358265
In base 4, what is 3103 - 1301221020?
-1301211311
In base 6, what is 43214 + -2120?
41054
In base 10, what is -35185 - -2401?
-32784
In base 9, what is 105164 + 401?
105565
In base 14, what is -2 + -c81abd?
-c81ac1
In base 15, what is -c2 - -21729?
21657
In base 5, what is 204322034130 + 1?
204322034131
In base 9, what is 6353 - 6051?
302
In base 2, what is 101 + -1001001010101011000111?
-1001001010101011000010
In base 7, what is 144 - -26433?
26610
In base 6, what is 1044244310 + -1?
1044244305
In base 7, what is 235 - 345204?
-344636
In base 4, what is 21231030 + 223?
21231313
In base 15, what is -10 + -d243b?
-d244b
In base 15, what is 27c - b78?
-8eb
In base 16, what is -c26bb2 - 2?
-c26bb4
In base 5, what is 33331244 - 1?
33331243
In base 12, what is -206aa8290 + 2?
-206aa828a
In base 11, what is -273941 + 51?
-2738a0
In base 5, what is -1 - -443034143?
443034142
In base 6, what is -23435522 - -13?
-23435505
In base 8, what is -5533102 + -42?
-5533144
In base 8, what is -5 - -12260413?
12260406
In base 2, what is 11011001000110101 + 110100001100?
11011111101000001
In base 2, what is -111000100010011 - 10101101010?
-111011001111101
In base 3, what is -210002022111 - -12?
-210002022022
In base 2, what is -101101110011111001100 + -100?
-101101110011111010000
In base 15, what is -534 - 39805?
-39d39
In base 11, what is -27a6 - -1938?
-969
In base 10, what is -3176330 + -5?
-3176335
In base 10, what is -38762 - 1446?
-40208
In base 7, what is -1406152324 + -5?
-1406152332
In base 9, what is 6763 + 1171?
8044
In base 3, what is 121222110202 - -22102?
121222210011
In base 3, what is 1 - 2121222012200001?
-2121222012200000
In base 14, what is -10d + -5010?
-511d
In base 5, what is 431030 + 22?
431102
In base 14, what is 20a7 - 3436?
-136d
In base 16, what is 23cc - b80e?
-9442
In base 16, what is 155 - -586c?
59c1
In base 15, what is -5b63771 - -2?
-5b6376e
In base 13, what is -7265 - 11b?
-7383
In base 12, what is -5 - -377606?
377601
In base 10, what is 2 + -25580719?
-25580717
In base 5, what is -1100320 - 331043?
-1431413
In base 14, what is -6b24 + -60a9?
-cbcd
In base 14, what is 7 - 4cd277?
-4cd270
In base 9, what is -35512077 + -4?
-35512082
In base 12, what is b2a + -5406?
-4498
In base 12, what is 20068236 + -12?
20068224
In base 8, what is -2100265024 - 2?
-2100265026
In base 13, what is 3cb85 + 14?
3cb99
In base 12, what is 3003704 + 5?
3003709
In base 10, what is -1446 + -410330?
-411776
In base 10, what is -70 - -975262?
975192
In base 12, what is -2 - -4642403?
4642401
In base 11, what is 1 + -2a300653?
-2a300652
In base 5, what is -313131010 + 23?
-313130432
In base 6, what is -44052011 + 3345?
-44044222
In base 2, what is -1001110001000101110000011110 + 11?
-1001110001000101110000011011
In base 15, what is -12e - -44853?
44724
In base 12, what is -6b44ab98 - -4?
-6b44ab94
In base 8, what is 61756 - 76?
61660
In base 5, what is -10 - 2224142321?
-2224142331
In base 11, what is 172245 - -365?
1725aa
In base 8, what is 152171 - 1067?
151102
In base 7, what is 663646 - 5556?
655060
In base 7, what is -135 - -3355246?
3355111
In base 15, what is -b - 5b804?
-5b810
In base 9, what is -122 + 18303741?
18303618
In base 4, what is 13103121122123 + 0?
13103121122123
In base 13, what is -4751 - -b03a?
65b9
In base 2, what is 11011110111101010 - -100110010?
11011111100011100
In base 11, what is -2107913 + -2?
-2107915
In base 9, what is -4657684 - 603?
-4658387
In base 15, what is -30 + -a4cac?
-a4cdc
In base 6, what is 200312130 + 1?
200312131
In base 15, what is -147 - 1513d?
-15285
In base 3, what is -121201221000 - 21220002?
-122000211002
In base 8, what is -130 - 2135634?
-2135764
In base 5, what is -1040234 + -3004?
-1043243
In base 6, what is 4 + 53552540?
53552544
In base 9, what is 41 - -721460?
721511
In base 4, what is -1 - -12300322303121?
12300322303120
In base 3, what is 112 + -20010112120122?
-20010112120010
In base 10, what is 70312306 + -4?
70312302
In base 15, what is 10dd0 - 16e1?
e6de
In base 16, what is 32ebe8 - -11?
32ebf9
In base 5, what is 10443041243 + -12?
10443041231
In base 4, what is -10 + -301302022133?
-301302022203
In base 5, what is -1331113114 - 14?
-1331113133
In base 8, what is 4646 - -110420?
115266
In base 7, what is 22540015163 + 4?
22540015200
In base 5, what is 2014 + 31410412?
31412431
In base 7, what is -10 + 1143461240?
1143461230
In base 6, what is 443000503 - -52?
443000555
In base 15, what is 1a4aea2 + -3?
1a4ae9e
In base 10, what is 18628 - -1226?
19854
In base 10, what is 60316 + 612?
60928
In base 4, what is 2 - -1121230300331?
1121230300333
In base 9, what is 165 + -11064700?
-11064524
In base 8, what is -2 - -6213520?
6213516
In base 13, what is 21280223 - -1?
21280224
In base 5, what is 24 - 1341120210?
-1341120131
In base 4, what is -1013 - -23322231?
23321212
In base 12, what is 4a4035 - 17a?
4a3a77
In base 6, what is 5035 - 33504?
-24425
In base 2, what is 10000 + -1101111101110101000010?
-1101111101110100110010
In base 14, what is a27 - -394ab?
3a0d4
In base 4, what is -3112111 + -32122?
-3210233
In base 5, what is -3203 - -1400013?
1341310
In base 16, what is 198af2d + 2?
198af2f
In base 12, what is 1